-448)/(-3) + (3 - 7/3). Suppose 5*r = -3*h + 430, o = 2*h - 3*r - 124. What is the greatest common factor of h and 105?
35
Suppose -75 = 5*k - 60, -4*f + k = -139. Suppose 284 + 1280 = f*r. Let t = -28 + 189. Calculate the highest common divisor of t and r.
23
Let w = -244 - -267. Suppose -10580 = -0*f - w*f. Calculate the highest common factor of f and 46.
46
Let u = -1797 + 2758. What is the highest common divisor of u and 62?
31
Let x = -1285 + 4181. What is the greatest common divisor of 16 and x?
16
Suppose -50*h + 42017 = -6733. What is the greatest common factor of h and 1?
1
Suppose -2*o = -5*r + 220, 4*r - 3*o = r + 132. Calculate the highest common factor of r and 9.
1
Let m be 4 - ((-194)/2 - 2). Suppose m = -4*l + 339. What is the highest common factor of 177 and l?
59
Let o = 17912 - 17741. Let w = 12 + 6. What is the greatest common factor of w and o?
9
Let u be (-3)/(-5)*6*450/3. Suppose -6*r + 9*r - u = 0. Calculate the greatest common factor of r and 5.
5
Let r(d) = 932*d - 2799. Let b be r(6). What is the highest common divisor of b and 196?
49
Suppose 0 = -a + 88 - 12. Let d be ((242/(-11))/22)/(1*(-2)/114). Calculate the highest common divisor of a and d.
19
Let v = -4563 - -5418. What is the greatest common factor of 315 and v?
45
Let x = 17084 - 17047. Calculate the greatest common factor of 53 and x.
1
Let r(w) = 6*w - 44. Let m = -37 + 55. Let b be r(m). Suppose -6*f + 104 = -b. Calculate the highest common divisor of f and 42.
14
Suppose 4*n = q + 1 - 5, 3*n - 4*q + 16 = 0. Suppose n*h + h = 0. Suppose 4*f - 19 - 45 = h. What is the highest common divisor of 16 and f?
16
Let a(k) = 4*k**2 + 17*k - 24. Let i be a(-6). Let z(d) = 2*d**2 - 34*d - 18. Let r be z(i). Calculate the highest common divisor of r and 9.
9
Let o(w) = -24*w + 6. Let l be o(0). Calculate the greatest common divisor of 2406 and l.
6
Let q = 17296 + -17278. Calculate the greatest common factor of q and 22122.
18
Suppose 52*y = 63*y - 4620. Suppose 10*v + 14 = 11*v. What is the highest common factor of v and y?
14
Suppose -5*m + 1 = -9. Suppose -24 - 83 = -5*g + 3*c, 2*g = -5*c + 49. What is the greatest common divisor of g and m?
2
Let o = -24 - -26. Let t be (1 - o)/((-4)/16). Suppose t*g - 2*a = 72, 4*g = 3*g + 5*a + 18. What is the greatest common factor of 6 and g?
6
Let b = -2341 + 2383. What is the greatest common divisor of b and 3633?
21
Let a = 1967 + 483. What is the highest common divisor of 100 and a?
50
Suppose 3*f + 15 = 6*f. Suppose 5*d - 168 = 4*u, d - f*u - 21 = -0*d. Suppose 13*j = 15*j - d. What is the highest common factor of 6 and j?
6
Let s = 5204 - 5144. What is the greatest common factor of 1220 and s?
20
Let i = 381 + -373. Let p(h) = -24*h. Let n be p(-3). What is the greatest common factor of n and i?
8
Let t(f) = -f - 1. Let q(a) = 7. Let m(c) = -q(c) - 3*t(c). Let d be m(4). Suppose 60 = 4*s - d. Calculate the greatest common factor of s and 68.
17
Suppose -3*b = 5*u - 540, -35*u - 169 = -b - 33*u. What is the highest common factor of b and 140?
35
Let a(o) = -13*o + 4. Let l be a(-4). Let h(n) = 2*n**3 - 2*n**2 + n - 2. Let m = -46 + 48. Let k be h(m). What is the highest common divisor of k and l?
8
Suppose 99*t + 88 = 88*t. Let f be (7 + -3 - -1) + 129 + t. What is the greatest common divisor of 28 and f?
14
Let m = 44785 - 35447. Calculate the greatest common factor of 230 and m.
46
Let m(d) be the third derivative of 17*d**5/30 + 4*d**2 - d. Let k be m(1). What is the greatest common divisor of k and 153?
17
Suppose -12*t + 6*t + 3644 = -2*d, t - 2*d = 614. What is the greatest common factor of t and 30?
6
Suppose 3*u + 64*c = 61*c + 96, 4 = -4*c. What is the highest common factor of 1067 and u?
11
Let b be 2889 + (6/3 - -1) + 77 + -80. What is the highest common factor of b and 567?
27
Suppose 6*p + 282 = -0. Let m = -27 - p. Let g = 32 - m. What is the highest common factor of 12 and g?
12
Let k be 0 - 1/3 - 6314/(-6). Let q = k + -242. Let r be (-1 + (-3)/(-15))/((-3)/q). Calculate the greatest common factor of r and 24.
24
Suppose 82 = 4*j - 5*b + 23, -4*b = -7*j + 127. Calculate the greatest common factor of j and 216.
3
Let g be 2 - (-8 - (6 + 4684)). Calculate the greatest common factor of 752 and g.
188
Let m = -20 + -4. Let n be (-3954)/m + (-1)/(-4). Suppose -159*k + 164*k - 165 = 0. What is the greatest common divisor of n and k?
33
Let a(g) = -37*g - 10. Let o be a(-3). Let d = -103 + o. Let h be (-1 - 1/d)/((-28)/2016). What is the highest common factor of h and 45?
9
Let u(z) = z**2 - 31*z - 45. Let g be u(33). Suppose 0 = 99*d - 111*d + 1092. What is the greatest common factor of d and g?
7
Let m be (-5 - -9)*-1 + 90. Let l = m + -107. Let c = l + 62. Calculate the greatest common factor of 164 and c.
41
Suppose -222 - 138 = -9*v. Suppose r + v + 5 = 0. Let z = r + 50. What is the highest common factor of z and 70?
5
Let b(k) = k**3 + 10*k**2 + 16*k + 2. Let z be b(-5). Let q = 102 - z. What is the highest common divisor of q and 22?
11
Let d(b) = -520*b + 1232. Let t be d(-5). Calculate the greatest common divisor of t and 8.
8
Suppose 0*m = m - 6. Suppose -m*a - 84 = -10*a. Let k be 105/(-10)*(-36)/a. What is the highest common factor of k and 18?
18
Let q(r) = r**3 - 3*r**2 - 125*r - 65. Let u be q(-9). What is the highest common divisor of u and 4268?
44
Let y(s) = 3*s**2 - 157*s + 545. Let d be y(49). What is the highest common factor of 1441 and d?
11
Let f(v) = -10*v - 29. Let h be f(-12). Suppose 9*b + 7 = 70. Calculate the greatest common divisor of b and h.
7
Suppose x - 202 = -q, q = -2*x + 3*x - 212. Suppose -25*i + 1406 = 831. Calculate the greatest common factor of x and i.
23
Let p = -357 + 646. Suppose -p + 817 = 22*r. What is the greatest common factor of 180 and r?
12
Let d = -9 + 14. Let i(s) = s**2 - s + 3. Let u = -420 - -427. Let f be i(u). Calculate the highest common factor of f and d.
5
Suppose -2*y + 82 = -51*l + 55*l, 79 = 4*l + 5*y. Suppose -r - 12 = -3*h, -3*r - 9 = -5*h - 5*r. Calculate the greatest common factor of h and l.
3
Let k = 59 + -51. Let r(i) = 2*i**2 - 9*i + 74. Let y be r(k). Calculate the greatest common divisor of y and 26.
26
Let x = 331 - 112. Suppose 8*d - 763 = -x. Calculate the greatest common divisor of 119 and d.
17
Suppose -3*n - 6*z = -z - 83, -4*z = -4*n + 68. Let p be (6/n - 4/14)*-1. Suppose p = -12*j + 11*j + 72. What is the highest common divisor of j and 18?
18
Let u be (0 + 1 + 1)/(27/54). Suppose u*b - 14 = 22. Suppose -2*l + 3*l - b = 0. What is the greatest common divisor of l and 45?
9
Let h(u) = 20*u + 1. Let z be h(1). Let c = -26 - -109. Suppose c = -y + 104. Calculate the highest common divisor of y and z.
21
Let f be ((4/6)/(-2))/((-1)/129). Let b be (-60)/100 - f/(-5). Suppose -k + 3*a + 94 = 5*a, 4*a + 340 = 4*k. Calculate the highest common factor of b and k.
8
Suppose -748*d + 710*d + 676780 = 0. What is the highest common divisor of d and 137?
137
Suppose -3*c = 683*v - 686*v - 2238, 2920 = 4*c + 4*v. What is the greatest common divisor of c and 16?
2
Let a = 87 + 5. Suppose 96*b = a*b - 356. Let j = b + 105. What is the highest common divisor of 176 and j?
16
Suppose -4*h - 848 = -3*t, 2*h = 3*t - 7*t - 424. Let a = 227 + h. What is the highest common divisor of 165 and a?
15
Suppose -22*w - 796 + 136 = -82*w. What is the greatest common divisor of 473 and w?
11
Let h be 156/((-1)/(-1)*1). Suppose 3630*c - 3725*c = -1140. What is the highest common factor of c and h?
12
Suppose -3*k + 13 + 26 = 0. Let p(u) = -u**2 + 14*u - 9. Let x be p(k). Suppose 284 + 556 = 42*r. What is the greatest common divisor of x and r?
4
Suppose g = -5*w + 9128 - 1713, g - 2*w = 7422. What is the greatest common factor of g and 280?
140
Let x(h) = -14*h**3 + 4*h**2 + 4. Let y be x(-6). What is the highest common factor of 26 and y?
26
Let w(b) = -3*b**3 + 3*b**2 - b + 10. Let o be (10/(-6) + 0 - 1)*3. Let q = o - -5. Let u be w(q). Calculate the greatest common factor of u and 11.
11
Let n be 52/8 + 15*18/60 - 170/(-2). Let d(i) = 13*i + 1. Let f be d(-1). Let v = 0 - f. What is the highest common factor of n and v?
12
Suppose 3739 = 20*z - 6761. Calculate the greatest common factor of z and 49.
7
Suppose -43*r + 44*r - 23 = -p, 4*p = 2*r + 74. 